43 - 28. What is the remainder when x is divided by 6?
3
Let v(h) = h**3 + h**2 - h + 3. Let i be v(0). Let j = i - 1. Suppose -j*a - 87 = -5*a. What is the remainder when a is divided by 10?
9
Let g(m) = m**2 - 3*m - 13. What is the remainder when g(7) is divided by 4?
3
Let j be (-3)/(1 - 21/12). Suppose -10 + j = 2*k. Calculate the remainder when -1 - (-11 - -3) - k is divided by 6.
4
Let m = 6 + 25. Calculate the remainder when m is divided by 8 - 5 - (-10 - 3 - 0).
15
Let g(m) = -m**2 + 6*m + 1. Let j be g(7). Let o(p) = 2*p + 2. Let z be o(j). Let t = 7 - z. Calculate the remainder when 32 is divided by t.
15
Let s(t) = t**2 + 4*t. Let z = 2 + 40. Suppose -v + z = 7. What is the remainder when v is divided by s(-6)?
11
Suppose -5*f + 4 = -3*f. Suppose -f*g - 3*g - c = -121, 4*c = -16. Calculate the remainder when g is divided by 9.
7
Suppose -4*f + 10 + 19 = -3*s, -4*f - 3*s = -11. What is the remainder when 37 is divided by f?
2
Let i(s) = -2*s - 19. Let g(p) = 3*p + 29. Let j(u) = -5*g(u) - 8*i(u). Suppose 0 = 3*f - 12 - 15. Calculate the remainder when 30 is divided by j(f).
14
Let y(c) = c - 8. Let w be -2*(0 + 8/(-2)). Let r be y(w). Suppose 2*d + 2*d - 64 = r. What is the remainder when 31 is divided by d?
15
Let b(h) = -3 - 2*h - h**2 + 3*h + 0*h - h**3 + 0*h**2. Calculate the remainder when 22 is divided by b(-3).
10
Suppose 7*y = 2*y + 320. Suppose 4*q = -5*o + y, 3*q = 3*o + 7*q - 32. Let t(l) = -l**2 - 19*l + 47. Calculate the remainder when t(-19) is divided by o.
15
Let p(i) = 21*i**3 - 3*i**2 - 3*i**2 + 6*i**2 - 1 + 2*i. Calculate the remainder when p(1) is divided by 6.
4
Suppose 4 + 15 = 3*q + 4*g, -5*g = -q + 19. What is the remainder when (-426)/(-12) - (-3)/(-2) is divided by q?
7
Suppose -3*t + 11 - 5 = 0. Let b = -6 + 0. Let o = -4 - b. What is the remainder when o is divided by t?
0
Let q(u) = -u**2 - 26*u - 2. Calculate the remainder when q(-9) is divided by 17.
15
Let q = -77 + 113. Calculate the remainder when q is divided by 14.
8
Let a = 122 + -104. Calculate the remainder when 37 is divided by a.
1
What is the remainder when (-3 - -4)/((-1)/(-35)) is divided by 19?
16
Suppose 40*c = 46*c - 78. What is the remainder when 47 is divided by c?
8
Let q(f) = -f**2 + 14*f - 4. Calculate the remainder when 250 is divided by q(4).
34
Let g(h) = 6*h - 1. Let s be g(1). Suppose 4*k - 13 + s = 0. What is the remainder when 2 is divided by k?
0
What is the remainder when (1 - (-824)/(-20))/(3/(-15)) is divided by 41?
37
Let b be (9 - 0)*(-5)/(-15). Suppose 12 + 0 = b*n. Calculate the remainder when 6 is divided by n.
2
Suppose 5*b - 3*c + 14 = 63, 30 = 3*b - 2*c. Calculate the remainder when 29 is divided by b.
5
Suppose 0 = 4*n + 5*f - 8 - 16, 3*n + 3*f = 21. Suppose -31 = 4*i + 13. Let z = 21 - i. What is the remainder when z is divided by n?
10
Let r be 6/(-1 - 10/(-4)). Suppose -3*i + r*z = z - 51, -z = -4*i + 62. Let t = i - -1. What is the remainder when 30 is divided by t?
14
Let s be (-2)/(-3)*(-5 + 15 + -4). Let z(o) = -o**3 + 3*o**2. Let y be z(3). Suppose 4*i = -y*i + s. What is the remainder when 1 is divided by i?
0
Let h(p) = p**3 + 19*p**2 - 22*p - 7. Suppose -3*j = -5*k - 30 - 55, 0 = -2*k - 5*j - 65. Calculate the remainder when 96 is divided by h(k).
30
Let y = -147 + 365. What is the remainder when y is divided by 55?
53
Let b = 52 - 48. What is the remainder when 5 is divided by b?
1
Let o(h) = 3*h**2 - h. Let d be o(-1). Suppose d*f = -3*c + 68, c + c = -4*f + 40. Calculate the remainder when 83 is divided by c.
27
Suppose k + 36 = 2*k + 3*b, -b - 3 = 0. Calculate the remainder when k is divided by 12.
9
Let s(n) be the first derivative of -19*n**2 - 4*n + 2. Calculate the remainder when s(-3) is divided by 28.
26
Let l(n) be the third derivative of n**4/24 - n**3/6 - n**2. Let v be l(6). Suppose 4*f - v*f = -4. What is the remainder when 10 is divided by f?
2
Let j(b) = -2*b - 2. Calculate the remainder when (-176)/(-10) + (-4)/(-10) is divided by j(-6).
8
Let p(k) = 6*k**2 + 6*k + 4. What is the remainder when p(-4) is divided by (-3 - (-38)/4)*4?
24
What is the remainder when (-7)/((-525)/1340) + (-2)/(-15) is divided by 10?
8
Let r be -2 - -3 - (25 - -2). Let g = 57 - r. Calculate the remainder when g is divided by 21.
20
Let r = 6 - 1. Suppose 0*y = -r*y. Calculate the remainder when 16 is divided by (-4)/((-12)/27) - y.
7
Let c be ((-15)/(-4))/3*8. What is the remainder when 35 is divided by 1/(15/18)*c?
11
Let u(b) be the second derivative of -2*b**3/3 - 11*b**2/2 + 6*b. What is the remainder when 25 is divided by u(-5)?
7
Suppose 16 = -0*d + d. Calculate the remainder when 46 is divided by d/6*9/2.
10
Let x(n) = -n + 3. Let v be x(-4). Suppose -3*g = -v*g + 148. Calculate the remainder when g is divided by 10.
7
Let i = 12 - 2. Let v(w) = -w**3 - w - 6. Let a be v(0). Let x = a + i. Calculate the remainder when 10 is divided by x.
2
Suppose 35 - 137 = -6*o. Suppose -y - 3 = -1. Let m(l) = -l**3 + 2*l**2 + 3*l. Calculate the remainder when o is divided by m(y).
7
Let a = -1 + 2. Let o(v) = 0 + 15*v + 0. What is the remainder when 29 is divided by o(a)?
14
What is the remainder when (-3)/(-2)*(-4)/(-3) is divided by 1?
0
Suppose -4*v + 11 = -17. Calculate the remainder when 1*22 - 4/2 is divided by v.
6
Let n(s) = -s + 2. Let x be n(4). What is the remainder when 29 is divided by 3 + -3 - (x + -13)?
14
Let u = -5 - -27. What is the remainder when u is divided by 6?
4
Let p(k) = -2*k**3 - 4*k**2 + 1. Calculate the remainder when p(-3) is divided by 13.
6
Let d be (-32)/6 + 2/6. Suppose 0 = 2*o - 5*f - 65, 2*o + f - 51 = -16. What is the remainder when (0 + o)/(d/(-5)) is divided by 7?
6
Let x = -18 + 31. Let b(l) = 37*l. Suppose -1 + 5 = 4*o. Calculate the remainder when b(o) is divided by x.
11
Let c(m) = -m**3 - m**2 + 2*m + 1. Let y be c(-2). Let i(k) = 4*k**3 - k. Calculate the remainder when 5 is divided by i(y).
2
Let r = 254 + -86. Calculate the remainder when r is divided by 34.
32
Let j be -8 + 1 + 1*-2. Let r be ((-9)/(-4))/((-12)/32). Let n = r - j. What is the remainder when n is divided by 2?
1
Let h(c) = 14*c**2 - 3*c - 1. What is the remainder when 63 is divided by h(-1)?
15
Let v be 4/(-10) + (-39)/15. What is the remainder when 25 is divided by (-182)/(-21) + (-1)/v?
7
Suppose -n = n + l - 44, 4*l = -3*n + 56. Let p = -3 - -4. Suppose -p - 25 = -2*k. What is the remainder when n is divided by k?
11
Let w(a) = a**3 + 8*a**2 + 8*a - 7. Let r be w(-7). Calculate the remainder when 4/r + 1593/63 is divided by 9.
7
Let c = -18 + 30. Let y = -4 + c. Calculate the remainder when y is divided by 5.
3
Suppose -5*l - 5*r = -15, 3*l + 2*r = -0*l + 7. Let y = 3 - l. Calculate the remainder when 3 is divided by y.
1
Let v(f) = -f**3 - 6*f**2 - f - 3. Calculate the remainder when 9 is divided by v(-6).
0
Let g = 13 + 14. Let m be 0 + 0 + (1 - -3). Suppose -312 = -m*c - 2*d, -2*c + c - d + 77 = 0. What is the remainder when c is divided by g?
25
Suppose 2 = s - 5. Suppose -q + 33 = 5*c, 3*q - s*q + c + 27 = 0. Suppose -q = -4*f + 3*f. Calculate the remainder when 14 is divided by f.
6
Let c = -10 + 3. Let h(a) = -3*a - 9. What is the remainder when 22 is divided by h(c)?
10
Suppose v + 3*z + 0*z + 23 = 0, -5*v - 4*z - 148 = 0. Let p = v - -53. Suppose 4*w + 22 = 6*w. What is the remainder when p is divided by w?
10
Let j(c) be the first derivative of c**2 + 3*c - 1. Let l be j(3). Let t = l - 5. Calculate the remainder when t is divided by 2.
0
Let m = 53 + -24. Calculate the remainder when 85 is divided by m.
27
Let o(r) = r**3 - 7*r**2 - 5*r + 6. Let f be o(4). What is the remainder when (-3 + 4)*f/(-2) is divided by 11?
9
Let x = 11 - -41. Let p = x - 29. Calculate the remainder when p is divided by 12.
11
Calculate the remainder when ((-154)/(-4) + 1)*2 is divided by -6*((-13)/2 + 2).
25
Let h(d) = 2*d**2 - 3*d + 1. Let y be h(2). What is the remainder when 1 is divided by y/((-6)/(-2))*1?
0
Let f(q) = -19*q**3 - 2*q**2 - 6*q - 7. Calculate the remainder when f(-2) is divided by 52.
45
Suppose 234 = 6*c - 0*c. What is the remainder when c is divided by 14?
11
Let g = 4 + 0. Suppose 0 + 12 = g*b. Suppose b*j = -2*j + 245. What is the remainder when j is divided by 17?
15
Suppose 2*j - 7*